 (5 - 6 - (-1 + -1))?
-5
Evaluate -4 + 0 + -6 + 17.
7
Calculate 11 - -1 - (-6 + 28).
-10
Calculate -8 + 5 - (0 + 2).
-5
19 + -10 + -1 + -3
5
Calculate -2 + (-1 - (2 - -1 - 2)).
-4
Calculate -16 + 0 - (198 + -204).
-10
(-2 + 14 - 5) + -7
0
-9 + 7 - (-1 - 3)
2
21 + -7 + -5 + -20
-11
What is the value of -4 + 12 + (-5 - 5)?
-2
Calculate 4 - 0 - (27 + -23).
0
1 - (-6 + -2 - -2)
7
Evaluate 13 - 4 - 0 - 10.
-1
What is the value of 13 + (7 - 13) - (0 + 6)?
1
What is 5 + -2 + -2 - -1?
2
What is the value of 2 + (1 - 5) + 4?
2
-9 + (0 - (-6 + 1)) + 7
3
What is 6 + (5 - 14) + 6?
3
What is (3 - -2) + -13 + 4?
-4
-1 - 6 - -3 - -2
-2
What is 6 + (2 - (-1 + 10))?
-1
-2 - (1 - (3 + (1 - 3)))
-2
Evaluate -1 - 0 - (10 - 9).
-2
Evaluate (7 - 3 - 11) + 3 + 2.
-2
(13 - (-7 - -10)) + -5 - -3
8
-4 + 0 + 64 + -63
-3
What is 6 + (1 - (12 + -7))?
2
What is -2 + (1 - -1) + 44 + -51?
-7
Evaluate 8 - ((0 - -12) + -6 + -4).
6
Calculate -3 - (-3 + 11 + -8).
-3
Calculate -8 + (-1 - -4) - (0 - 1).
-4
Calculate -1 + -6 + 6 - (1 + -2).
0
What is 9 + 0 + 79 + -87?
1
(0 + -1 - -1) + (4 - 5)
-1
Evaluate -3 + -4 - (5 + -10 - -4).
-6
Evaluate -1 - ((2 - -7) + -3) - 4.
-11
-8 - (-6 - 0) - -4
2
What is 0 + (1 - -6) - (-13 + 18)?
2
8 - (-2 + 5 + 7)
-2
Evaluate 4 + -4 + (-2 - -6) - 3.
1
6 + -8 - (3 - 9 - -4)
0
What is the value of -3 - 12 - -6 - (7 - 15)?
-1
What is -2 - -4 - (4 + 2 + -1)?
-3
-5 - (-12 + 9 + -9)
7
What is -1 + 2 + 3 - (-82 - -89)?
-3
Evaluate -8 + 5 - (0 - (-1 - -3)).
-1
(2 - 1) + -2 + 5 + -3
1
What is the value of -2 + 4 + -3 + 3?
2
Calculate 20 - 24 - ((-12 - -1) + 1).
6
What is -2 + 10 + -13 + 4?
-1
Evaluate -9 - (0 - (-1 + 5)).
-5
What is 2 + 7 + -3 + -14?
-8
(-11 - -8 - (-13 - -1)) + -5
4
What is the value of -7 + (-6 - -7) + 3?
-3
3 - (2 + (4 - 2) - 6)
5
0 + (-3 - -4) + 2 + -2
1
What is the value of 5 - (5 - -2) - (-7 + 0)?
5
Calculate 3 + -3 + (-1 - 0 - -3).
2
What is the value of 8 - (26 + -7) - -13?
2
What is -1 - ((0 - (-4 - 0)) + -10)?
5
What is 6 - (8 + -11 + 8)?
1
Calculate 0 + -5 + -4 + 6 - -7.
4
-2 - (-3 + 1 + 5 - 0)
-5
What is 27 + -20 + (1 - 4)?
4
What is the value of -1 + (3 - 2) + -4?
-4
6 + (1 - -3) + -7
3
What is 9 + -1 - (7 + -1)?
2
What is the value of -4 + 5 + (-5 + 1 - -2)?
-1
((-3 - -5) + 0 - 1) + 5
6
What is the value of (-41 - -28) + (10 - 1)?
-4
Calculate -7 - (-4 + -1 + -17 + 19).
-4
What is the value of (-1 - (-5 - -5)) + 6?
5
What is the value of -1 + -10 - (-3 - -10 - 13)?
-5
Calculate 2 + -10 - (-8 + 7).
-7
-3 - (4 - (3 - -1))
-3
0 + (6 - 1) - (34 + -28)
-1
What is the value of 6 - (8 + -5) - (-1 + 0)?
4
Calculate (9 - (1 - -4)) + -7.
-3
-1 + 4 - ((-11 - -17) + -2)
-1
What is the value of -5 - (-10 - 1 - (6 + -6))?
6
What is -8 + 14 + -1 + (-2 - -1)?
4
(32 - 32) + 3 + -1
2
What is 5 + (-5 - -4) + -6 - 3?
-5
What is (1 - (3 - (4 + -3))) + -3?
-4
Evaluate -1 + 5 - ((10 - -2) + -2).
-6
-6 - (7 + 1 + -8)
-6
What is -8 - (-3 + -5 - -3)?
-3
Calculate -1 + 9 + -2 + (0 - 1).
5
Calculate -5 - (-8 + 12 - (-1 - -6)).
-4
What is 8 - (-1 - 1) - 6?
4
Calculate 1 + 1 - (1 + (0 - -1)).
0
What is the value of (24 - 16) + (1 - 5)?
4
What is 7 + (0 - 4) - 0?
3
What is 1 - 2 - (-4 + 4)?
-1
-17 - -10 - (3 - 6 - 1)
-3
What is 19 + -16 + 3 + -1?
5
What is the value of (0 - 11) + 1 - (53 + -53)?
-10
What is the value of (17 - 3 - 9) + -13?
-8
(4 - (3 - -1)) + -5
-5
What is the value of 0 - (-3 + 3) - -1?
1
What is (-8 - -3 - -4) + (-3 - -1)?
-3
Calculate -8 - (2 - (7 - 4) - 4).
-3
Evaluate (-3 + 5 - 3) + (2 - 1).
0
5 + -6 + (2 - (-4 - -4))
1
Calculate 4 - (0 + 0) - 0.
4
Calculate -9 - (4 - 4) - -6.
-3
What is the value of 2 + (-1 - 1 - -1 - -1)?
2
Evaluate -3 - 5 - (-24 + 6).
10
Calculate 3 + 4 + (-5 - (0 - 4)).
6
Evaluate 14 + -13 - -11 - 18.
-6
What is -5 + (1 - 5) + 8?
-1
What is (39 - 53) + (8 - 1)?
-7
-3 + (-1 - (-9 + 5)) - -4
4
Evaluate (-1 - 14) + (253 - 240).
-2
What is the value of 13 - (5 + 3 - (3 - 2))?
6
What is the value of 2 - 9 - -10 - 10?
-7
Calculate -6 + 6 - 0 - (-3 + -4).
7
What is (-4 - 11 - -15) + 8?
8
(-5 - -1) + 52 + -43
5
What is the value of -1 + 3 + -2 + -4?
-4
Calculate -4 + -15 + 15 + (-1 - -4).
-1
1 - (12 - 6 - (2 + 12))
9
0 + 4 + -5 + -1
-2
Calculate 0 - 1 - (-9 - (-5 - 8)).
-5
Calculate 0 - (-6 - (2 - (-7 - -8))).
7
21 + -13 + (-5 - 9)
-6
(-6 + -4 - -6) + 5 + 5
6
Calculate 11 - 7 - (3 + -4).
5
What is (2 - -6) + -11 + 0?
-3
Calculate 3 + 2 + -72 + 74.
7
Evaluate (-2 - 5 - -5 - 1) + 5.
2
Calculate -1 + 1 + 2 + 3 + -7.
-2
6 - (1 + 0 + 0) - 3
2
-12 + (-6 + 11 - (5 + -4))
-8
What is 1 - (12 + -6 - 4)?
-1
Evaluate -4 + (-7 + 6 - -9).
4
Calculate 20 + -37 - (2 + -12).
-7
What is (-8 - -4) + 2 + 0 + 2?
0
What is the value of (14 - 7) + -6 + -3?
-2
What is the value of 0 - (3 + -1 + 4 + -2)?
-4
What is the value of -1 + (5 - 9 - -5)?
0
Evaluate -3 - (-8 + -1) - 11.
-5
Evaluate -13 + 7 + -1 + 2 + 1.
-4
(1 - 2) + (-2 - (-3 + 4))
-4
Evaluate 3 + (-6 - -6 - (2 - 2)).
3
What is -4 - (-12 + 10 + -1 + 2)?
-3
(3 - 1) + -9 + 11 - 13
-9
What is -3 + -4 + 6 - -2?
1
Calculate 2 + (4 - 5) - -4.
5
What is the value of -8 - -7 - (0 - -2 - 2)?
-1
Calculate -1 + (-3 - -8) + -1.
3
Evaluate (-4 - (-1 - 2)) + 5 - 0.
4
Calculate 2 + (5 - 6) + (6 - 2).
5
What is 1 - 4 - -6 - (6 - -2)?
-5
What is -1 - 1 - -9 - 3 - 8?
-4
What is the value of 5 + -3 + -1 - 3 - 2?
-4
What is the value of (-5 - (-3 + 4)) + 8 + -5?
-3
-4 - 12 - (-31 + 21)
-6
What is (-1 - -1) + 0 + 0?
0
Calculate 1 + (0 + 2 - 5) + 5.
3
What is -2 - (2 + -7 - -5 - -4)?
-6
What is (-14 - (14 - 25)) + -2 + 0?
-5
0 - ((-3 - -12) + -2 - 15)
8
What is the value of (-6 - -2) + 4 - (1 + 2)?
-3
Evaluate -5 + 11 - 12 - (-3 + 0).
-3
-1 - (7 + -6 + -2 + 3)
-3
27 + -24 - (2 - -1)
0
Evaluate 3 - (-3 - (-2 - -1 - 3)).
2
What is -5 + 3 - 1 - (0 + -4)?
1
-3 + -3 + (2 - -1)
-3
What is the value of -2 + -4 + (8 - (0 + 5))?
-3
-8 + 0 + (-8 - -3 - -9)
-4
What is the value of 2 + -4 + 6 - (8 + -1)?
-3
What is 41 - 34 - (0 + 2)?
5
What is 6 + (1 + -5 - 3 - -3)?
2
Evaluate -2 - -12 - (87 - 70).
-7
What is -4 + 9 + 3 + (1 - 5)?
4
Calculate 1 + (-6 + -2 - -2).
-5
Evaluate 3 + (-3 + 2 - 2) + -4.
-4
What is (3 - 16) + 6 + 6?
-1
What is (0 - 0) + -3 + 4 + 4?
5
What is the value of -4 + (13 - 6) + (3 - 0)?
6
-7 + (11 - -5 - 9)
0
Calculate 7 + -7 + 12 + 5 + -12.
5
-3 - (-4 - (-6 + 6))
1
What is the value of (1 - (0 - -5)) + -40 + 46?
2
What is -4 + (0 - -1) + 3?
0
Evaluate 10 + -3 + (-3 - -1) + 4.
9
What is -5 + 1 + -2 + 11?
5
What is the value of (9 + -5 - -1) + -6 + -5?
-6
Evaluate -3 - -1 - (144 + -150).
4
What is the value of 0 + 4 + (2 - 1)?
5
What is 0 - (10 - 17 - (-3 - 1))?
3
What is the value of -25 - -30 - (3 + -1)?
3
Calculate 0 + 3 + -1 - 3 - 2.
-3
(2 - (2 - -2)) + 4 + -6
-4
What is -2 - (0 + 5 + -7 + -4)?
4
Calculate 9 - -8 - 1 - 9.
7
(2 - (3 + (-4 - 1))) + -8
-4
What is the value of -2 - (-8 - -2) - (34 + -25)?
-5
Evaluate -9 - (-3 + -1 + 0).
-5
-3 + 4 + -13 + 5
-7
Calculate 17 + (-4 - -1) + -10.
4
(5 + -5 + -3 - -6) + -2
1
Evaluate 13 + 19 + -28 - (0 - 2).
6
Calculate (1 - 9) + 4 - (-6 + 2).
0
13 - -1 - (-26 + 34)
6
-2 + 9 + -5 + 0 + 5
7
Evaluate (-5 - (2 + 4 + -6)) + 4.
-1
What is -2 + 0 + 2 - (-43 - -40)?
3
21 + -8 + -11 + -1
1
What is 0 + 2 - (13 + -17 + 6)?
0
Evaluate -9 - (1 - 3) - -1 - -1.
-5
Evaluate (-14 - -2) + -12 + 19.
-5
Calculate (2 - 9 - (0 + 1)) + 4.
-4
(-4 - (3 - 8)) + 3
4
Calculate 0 + (0 - (1 + -2 - -1)).
0
-2 + -5 + 6 + 1 + 1
1
Evaluate 7 - 15 - (-2 - 0).
-6
What is the value of 1 + -4 + 3 + 0 + -1?
-1
Calculate 4 + (6 + 0 + -6 - 5).
-1
Calculate 6 - (-6 + -7 + 17).
2
Evaluate 0 - -1 - (5 + 1).
-5
Evaluate 2 + -13 + 11 + (2 - 8).
-6
Evaluate -5 + 6 - ((2 - -3) + -1).
-3
What is the value of (-5 - 2) + (6 - (5 + 0))?
-6
What is (31 - 26) + (-1 - -1)?
5
What is 1 + (-2 - -5 - 2)?
2
-3 + 7 + (-4 - -1) + -3
-2
17 - (-12 + 26) - (0 + 2)
1
What is (-49 - -46 - (-8 + 1)) + -11?
-7
Evaluate 12 + (11 - (11 + 4)).
8
What is 34 - 40 - (-1 + 3)?
-8
0 - (-9 - (-1 - 3))
5
6 + 0 + (-7 - -5)
4
What is the value of -7 + (3 - 4) - -3 - -1?
-4
Evaluate (-81 - -82) + 0 + 1.
2
What is the value of (1 - -1 - -6) + 167 + -174?
1
What is the value of (2 + -3 - 3) + 6?
2
Calculate -6 + 0 + 1 + 1 - -3.
-1
What is 2 + 0 + 1 + -2 + 3?
4
What is the value of 10 + (1 - 10) + -4?
-3
(85 - 78) + (3 - 14)
-4
What is 4 + -